actors of v?
2
Suppose 0 = 62*t - 60*t - 168. List the prime factors of t.
2, 3, 7
Suppose -44 = j - a + 37, -324 = 4*j + a. What are the prime factors of (4388/9)/2 - 18/j?
2, 61
Suppose -2*j - 13 = -h, 3*j = -2*h + 8 - 3. List the prime factors of 2918/10 + (-68)/10 + h.
2, 73
Let l = -3 + 16. Suppose 3*g + 28 = -5. Let z = l + g. List the prime factors of z.
2
Suppose 3*h - 5*x - 5752 = -2386, 9 = -3*x. What are the prime factors of h?
1117
Let p be 5/(4/8*5). Suppose p*i + 79 = f, 2*f + 5*i - 244 + 41 = 0. What are the prime factors of f?
89
Let g be 0/(5*(-3)/(-15)). Suppose -k + 10*k - 1233 = g. List the prime factors of k.
137
List the prime factors of -7*(-7 - 1995/49).
2, 167
Let p(j) = 53*j + 79. What are the prime factors of p(14)?
821
Let y = 29 - 27. Suppose -14*z + 804 = -y*z. What are the prime factors of z?
67
Let w = -10 - -13. Suppose -i = w*i - 16. Suppose -i*c + 4 = -4*q, 0 = -5*c - 3*q + 11 + 18. List the prime factors of c.
2
Let p(g) be the third derivative of -g**4/24 + g**3 - 3*g**2. Let l be p(6). List the prime factors of 3 - (3 + -3) - l.
3
Suppose 0 = -n + 3*l - 0*l + 84, 420 = 5*n + 5*l. What are the prime factors of n?
2, 3, 7
Let y(x) = 2*x - 4. Let c be y(6). Suppose c*j + 110 = 3*j. Let z = -4 - j. List the prime factors of z.
2, 3
Suppose 5*v = -7*v + 17484. List the prime factors of v.
31, 47
Let t(p) = p**2 - 9*p + 150. What are the prime factors of t(24)?
2, 3, 5, 17
Let m = -21 - -25. Suppose 4*b = 5*s - 20 - 4, -m*b - 5*s = -16. List the prime factors of (-2 + 1)/(b/28).
2, 7
Let h = -272 - -537. List the prime factors of h.
5, 53
Let j(g) = -2*g - 13. Let s be j(-8). Suppose 5*c - 1816 = -s*c. List the prime factors of c.
227
Suppose -63 + 8 = -5*a. Let w = a - 33. Let y = 44 + w. What are the prime factors of y?
2, 11
Suppose 5 = 4*q - 2*n + 3, 16 = 5*q + 2*n. Suppose 5*m + 1 = -q*k, -7*k = -3*k + 2*m - 6. Suppose -k*x - 53 = -3*x. What are the prime factors of x?
53
Let k(g) = -g**3 + 13*g**2 - 16*g + 37. What are the prime factors of k(11)?
103
Let p(x) = 55*x**2 - x - 1. Suppose -h + 5*v = -8, 5*h + 2 = -3*v - 14. Let q be 1/(-2 + 4)*h. What are the prime factors of p(q)?
5, 11
Let v(y) = -y**3 + 18*y**2 + y - 2. Let x(h) = h**3 + h**2 - h + 1. Let g(d) = v(d) + 2*x(d). What are the prime factors of g(-20)?
2, 5
Let u = -22 + 68. Let o be 6 - (3/1 - 4). Suppose f + o = u. List the prime factors of f.
3, 13
Let n(x) = 6*x**2 - 3*x - 16. What are the prime factors of n(-7)?
13, 23
Let b = 939 - -1155. List the prime factors of b.
2, 3, 349
Let k(i) = 2*i**2 - 4*i - 2. Let q be k(3). Let o = q + -2. What are the prime factors of o/1*(4 - 2)?
2
Let w = -14 - -19. Suppose 3*a - w*q = 145, 4*a + q + q = 150. Suppose -2*m + 38 + a = 0. What are the prime factors of m?
3, 13
Let g(o) = -o**3 - 4*o**2 + 3*o - 7. Let u be g(-5). Suppose 31 - 199 = -u*s. Suppose 3*f + 2*f - s = r, 0 = 2*f + 3*r - 36. What are the prime factors of f?
2, 3
Let d = -2152 + 3467. What are the prime factors of d?
5, 263
Suppose 0 = 12*q + 4*q - 3520. List the prime factors of q.
2, 5, 11
Let l = -1035 + 1685. What are the prime factors of l?
2, 5, 13
Suppose -2*u + 467 + 5063 = 4*b, 2*b - 2760 = 4*u. List the prime factors of b.
2, 691
Let y be ((-12)/(-9))/((-3)/(-9)). Suppose 2*q - 7 - 61 = 0. Suppose -5*u - 230 = -5*o, -y*u = o - u - q. List the prime factors of o.
43
Suppose -14358 = -15*w - 33. What are the prime factors of w?
5, 191
Let u(a) = 8 + 3*a**3 + 0*a**3 - 16*a**2 - 9*a**3 - 22. Let f(i) = 5*i**3 + 15*i**2 + i + 14. Let b(c) = -5*f(c) - 4*u(c). What are the prime factors of b(-11)?
41
What are the prime factors of (-4)/24 + (-5822)/(-12)?
5, 97
Let h = 7 + -5. Suppose -2 = -h*q + 4. Suppose -q*w - 3 + 72 = 0. List the prime factors of w.
23
Let h(f) be the second derivative of -f**5/20 + 7*f**4/12 - 2*f**3/3 - 7*f**2/2 - 13*f. Let j = -13 + 18. What are the prime factors of h(j)?
23
Let w = -8 - -9. Let o = w - -20. List the prime factors of o.
3, 7
Let t = -6 + 8. Suppose o - 27 = -5*u, -u + 11 = 5*o - 52. Suppose 0 = m + 2*y - 7, -t*m - 4*y + 2*y = -o. What are the prime factors of m?
5
Let w(t) = -13*t + 24*t + 2*t**2 + 4*t**2 - 5. List the prime factors of w(4).
3, 5
Let q(h) = h**2 - 2*h + 1. Let k be q(3). Suppose -k - 11 = -5*p. What are the prime factors of (-88)/(-6)*p/2?
2, 11
Let f = 10 + -10. Suppose g - 54 - 26 = f. Suppose 5*c + g = 5*t, -4*c + 3*c = 3*t - 40. List the prime factors of t.
2, 7
Suppose 0 = 7*p - 2*p + 2*g - 560, 4*p + 3*g - 448 = 0. List the prime factors of (-1)/(-8) + 17458/p.
2, 3, 13
Let t = 3 + 1. Suppose 3*o - y - 3 = 1, -4*y = -2*o + 16. Suppose t*w + 20 = 3*a, 2*a + o*w = -3*w + 2. List the prime factors of a.
2
Let i(p) be the third derivative of -1/4*p**4 - 3*p**2 + 0 + 0*p - 1/3*p**3. List the prime factors of i(-3).
2
Let w be 6/10 + 168/20. Let n = -9 + w. Suppose -3*z + 2*z + 2*x = -15, 5*z - 5*x - 80 = n. What are the prime factors of z?
17
Let s(w) = -18*w + 10. Let y be (3/9)/(-1*4/60). List the prime factors of s(y).
2, 5
Let q be ((-14)/(-10) - (-20)/(-50))*7. Suppose 3*i = -q*i + 1310. List the prime factors of i.
131
Suppose 4*u - 2*v - 666 = 0, -4*u + 3*u = 3*v - 170. What are the prime factors of u?
167
Let x(p) = p**3 + 5*p**2 - 4*p + 3. Let s be x(-6). Let i(m) = -m**2 - 12*m + 6. List the prime factors of i(s).
3, 11
List the prime factors of (-15)/(-75) - 16045/(-25).
2, 3, 107
Suppose 30 = -3*j - 183. Let h = 17 - j. Let r = -19 + h. What are the prime factors of r?
3, 23
Suppose 14*q - 1136 = 6*q. Let y = q - -112. List the prime factors of y.
2, 127
Suppose -4*v + 26 = -2*v. Let o = -10 + v. Suppose 0*g = -4*g + o*z + 61, -4*g = 5*z - 101. What are the prime factors of g?
19
Suppose -1268 = -2*y + 70. List the prime factors of y.
3, 223
Suppose -11*m - 294 = -2494. List the prime factors of m.
2, 5
Let t = -3769 - -6790. What are the prime factors of t?
3, 19, 53
Let m be 11 + (4*(-3)/2)/(-2). Suppose -3*d + 58 = 5*t, t = -4*d + d + m. List the prime factors of t.
11
List the prime factors of (26/8 - 3)/(9/14868).
7, 59
What are the prime factors of 1359/12*(0 - (-12)/9)?
151
Suppose 7*d - 2145 = 2*d. List the prime factors of d.
3, 11, 13
Suppose 17*q + 1329 = 8809. List the prime factors of q.
2, 5, 11
Suppose 2*s = 5*b - 30, 0 = 3*b + 4*s - 3 + 11. Suppose -b*t = -c + 54, -2*t + 96 = 2*c - 7*t. What are the prime factors of c?
2, 19
Suppose 1023 + 813 = 4*v. List the prime factors of v.
3, 17
Suppose 0 = 58*w - 112*w + 43362. List the prime factors of w.
11, 73
Let v(o) = o. Let c be v(-3). What are the prime factors of (c - -1 - -1)*-4?
2
Suppose -17*h + 12*h + 80 = 0. Let n = -7 + 76. Suppose -13*s - n = -h*s. List the prime factors of s.
23
Suppose -12 = -i - 3*i. Suppose 4*q - 158 = -2*a, -3*q + a - i*a + 118 = 0. List the prime factors of q.
2, 5
Suppose 2*t - 7 = 19. Suppose 0 = -t*r + 17*r + 64. What are the prime factors of (12 - -1)/((-4)/r)?
2, 13
Let g(w) = -w**2 - 13*w + 32. Let q be g(-15). Suppose 0 = c + q*i - 64, 15 - 84 = -c - i. What are the prime factors of c?
2, 37
Suppose -15*d - 6 = -12*d. Let b = d + 7. Suppose 213 = b*a + 13. What are the prime factors of a?
2, 5
Suppose 39*z = 59*z - 8180. List the prime factors of z.
409
Let u(r) = r**3 - 4*r**2 + 4*r - 7. Let i be u(6). Let y = -14 + i. List the prime factors of y.
3, 5
Suppose -578*s + 577*s = -2*w - 1405, 0 = -5*s - w + 6970. What are the prime factors of s?
3, 5, 31
Suppose -4*t = 5*x - 9934, -3*x - 5*t + 2*t + 5961 = 0. List the prime factors of x.
2, 3, 331
Let w be -70 - (-9)/(9/(-2)). Suppose 2*c - 264 + 50 = 0. Let a = c + w. What are the prime factors of a?
5, 7
Let z = -8 + 5. Let k be 5/15 + (-215)/z. Let q = -37 + k. List the prime factors of q.
5, 7
Let w = 5390 - 3764. List the prime factors of w.
2, 3, 271
Let p(x) = 12*x**2 - 20*x + 206. List the prime factors of p(12).
2, 7, 11
Suppose 5*y - 10487 = 2*m - 3508, -4*m - 6983 = -5*y. List the prime factors of y.
3, 5, 31
Let r = -1946 - -2927. What are the prime factors of r?
3, 109
What are the prime factors of (2 + 9792/(-9))*(-1)/2?
3, 181
Suppose n - 5902 = -2*r, 5906 = 9*r - 7*r + 2*n. List the prime factors of r.
3, 983
Suppose 5248 = 9*r - 440. What are the prime factors of r?
2, 79
Let v(k) = 16*k**2 -